32*s = -10. Let u(v) = v**3 - 6*v**2 + 4*v + 4. Give u(s).
-1
Let c(r) = -r - 4. Let g(p) = 1. Suppose -15 = -8*l + 3*l. Let a(o) = l*g(o) + c(o). Give a(2).
-3
Let y(d) be the third derivative of d**6/120 + d**3/3 - 4*d**2. Give y(-2).
-6
Let i = -51 - -58. Let a(m) = m**3 - 6*m**2 - 9*m + 10. Give a(i).
-4
Let b(q) be the third derivative of -q**4/24 - 2*q**3/3 - 9*q**2. Suppose -5*t - 2*d = -83, 3*t - 44 = 3*d - 11. Let m = -11 + t. What is b(m)?
-8
Let x(m) = -2*m + 0*m + 3*m + 6 + m. Suppose 112 = j - 5*j. Let h be (-4)/14 + 132/j. Calculate x(h).
-4
Let j(s) = 2*s - 7. Suppose -4*l = -24 + 4. Determine j(l).
3
Let l(r) be the first derivative of -1/4*r**4 - 2/3*r**3 + 0*r**2 + 3 + r. Suppose 3*u - 4*u - 2*y - 1 = 0, u + 1 = -3*y. Calculate l(u).
0
Suppose -7*a - 20 = -12*a. Let q(u) = -u**3 + 4*u**2 + u - 3. Give q(a).
1
Let i(t) be the first derivative of t**2/2 + t + 1. Give i(-5).
-4
Let x(u) = u - 2. Let r = 108 - 62. Suppose -4*m - 17 - 3 = j, 4*j - r = 5*m. Calculate x(m).
-8
Let s(r) = r + 2. Let i(y) = -y**3 + 4*y**2 - 3*y + 1. Let x be -11 + 12 + (0 - -1). Let j be i(x). What is s(j)?
5
Suppose 3*y = y + 8. Let k = 5 - y. Let h(p) = -p**2 - p + 3*p + p + k. Calculate h(4).
-3
Let j(a) be the third derivative of a**6/20 - a**5/60 + a**4/24 - a**3/6 + 26*a**2. Determine j(1).
5
Suppose -m = m - 4. Let a(x) = x - 6. Let y be a(8). Let n(d) = -2*d - d**3 + d**y + 0*d + d. Determine n(m).
-6
Suppose -40 = 3*s - 4*z, -4*z + 44 = -4*s - z. Let r(h) = 3*h**2 + 9*h + 12. Let t(y) = -y**2. Let o(i) = r(i) + 2*t(i). What is o(s)?
4
Let i(q) = q**2 - 5*q + 3. Suppose -8*c + 4*c = -48. Let f be (-25)/10*c/(-10). What is i(f)?
-3
Let r(l) = 3*l**3 - 6*l**2 - l + 6. Let j(n) = -4*n**3 + 7*n**2 - 6. Let a(s) = 2*j(s) + 3*r(s). Calculate a(4).
-6
Let c(z) = -3*z + 21. Let j be c(6). Let t(u) = -u**3 + 4*u**2 - 2*u - 1. Give t(j).
2
Let t(j) = j**3 + 6*j**2 - j - 5. Let q be t(-6). Let y(k) = k. Let n(c) = 7*c - 1. Let u(z) = -n(z) + 5*y(z). Calculate u(q).
-1
Let r(f) = f + 5. Let u(m) = 3*m + 10. Let a(h) = -5*r(h) + 2*u(h). What is a(-4)?
-9
Let t(o) = o**2 + 7*o - 10*o - 2*o. Determine t(4).
-4
Let x(s) = 4*s**3 - 2*s**2 - 3*s + 3. Let q(h) = h**2 - 4*h. Let l be q(5). Let d(v) = -8*v**3 + 3*v**2 + 5*v - 5. Let a(f) = l*x(f) + 3*d(f). Calculate a(-1).
3
Let b(k) = k + 1. Suppose -15 = h + 5*f, h + 9 = -4*h - 3*f. Let i be h - (1 + (-1 - 0)). Suppose c = 4 - i. Give b(c).
5
Let v(f) = 2*f**3 + 7*f**2 + 4*f - 2. Let k(s) = -7*s**2 + 2*s. Let p(n) = 3*n**2 - n. Let y(q) = -4*k(q) - 9*p(q). Let w(h) = v(h) - 4*y(h). Determine w(-2).
-6
Let c(i) = -2*i - 10 + 13 + 1. Calculate c(3).
-2
Let f(a) = -3*a**2 - a**2 - 4*a - 3313*a**3 + 3314*a**3 - 3. Determine f(4).
-19
Let m be -3*1/1 + 7. Let p be 18/m*(-6)/9. Let w(n) = -n**2 - 1. Give w(p).
-10
Let u(x) = -x**2 - 6*x - 3. Let r(m) = -m**3 + 9*m**2 + 2*m - 16. Let b be r(9). Let k(q) = -4*q + 4. Let f be k(b). Determine u(f).
5
Let o be (-42)/(-8) + 2/(-8). Let a = 1 - 0. Suppose -1 = 2*w - 5*m, 0 = -o*w + 3*m + a - 13. Let d(r) = r**3 + 3*r**2 + 2*r + 2. Give d(w).
-4
Suppose -4*h = -h + 3. Let k(d) = -36*d - 28. Let i(p) = -4*p - 3. Let u(y) = 28*i(y) - 3*k(y). What is u(h)?
4
Let h(o) be the first derivative of -2*o**3/3 - o**2 - 6. What is h(2)?
-12
Let a(t) be the second derivative of -t**7/840 - 7*t**6/360 - t**5/24 + t**4/4 + t**3/2 + 2*t. Let p(j) be the second derivative of a(j). What is p(-6)?
0
Let n(q) = -3*q**3 + q**2 - 1. Let o be n(-1). Let f(v) = 7*v - v**2 - 5*v + 1 - v**o + 0*v. Calculate f(-1).
-1
Suppose 0*w - w - g = -15, -4*g = 2*w - 36. Let v be 3*2/w*4. Let o(x) be the first derivative of -x**4/4 + x**3/3 + x + 1. Give o(v).
-3
Let u(r) = -r**2 + 18*r - 30. Let h be u(16). Let x(q) be the first derivative of q**2 - 3*q - 4. Determine x(h).
1
Let s(y) = 4*y**3 - 31*y**2 - 18*y + 17. Let t(c) = 3*c**3 - 21*c**2 - 12*c + 11. Let p(l) = -5*s(l) + 7*t(l). What is p(-7)?
-1
Let u(g) = 6*g + 6. Let l(f) = 7*f + 7. Let v(a) = 4*l(a) - 5*u(a). Give v(-4).
6
Suppose -2*z = 2*v - 30, 2*z + 0*z - 3*v = 5. Suppose -7*d + 5*d - z = 0. Let n(a) = -a**2 - 3*a + 6. What is n(d)?
-4
Let s(u) = -9 + 3*u**2 - 7*u**3 - 10*u**2 + 2*u**3 + 6*u**3 + u. Give s(7).
-2
Suppose 5*f + 10 = 0, -13 - 3 = 3*b + 5*f. Let i(s) = -4*s - 2 + 2. Calculate i(b).
8
Suppose 2*w = -3*w. Suppose 2*f + 2*r = 6, -5*f + w*r + r + 21 = 0. Let n(t) be the first derivative of t**4/4 - 4*t**3/3 - t - 1. What is n(f)?
-1
Let y(v) = -v**2 + 6*v - 1. Let l be y(5). Let b(z) = -5*z - 4. Let r(f) = 6*f + 5. Let n(g) = l*r(g) + 5*b(g). Suppose 0 = -c + 1 - 2. Give n(c).
1
Let d(t) = t**3 - 6*t**2 + 3*t - 2. Let u be d(3). Let h be (2/4)/((-5)/u). Let v(q) = -3 - q**h - 5*q**2 + q**3 + 5*q + 0*q**2. Give v(5).
-3
Let v(f) = 4*f + 0*f**2 - f**2 + 0*f**2 - 2. Determine v(3).
1
Let w(k) = 4*k + 1. Let h(j) = -5*j - 2. Let x(g) = 3*h(g) + 4*w(g). What is x(-6)?
-8
Let h(b) = -b**2 - 5*b + 2. Suppose 0*l + 20 = -4*l. What is h(l)?
2
Let x(b) = b - 11. Let r = 2 - 3. Let d be r/(2/60*-2). Suppose -5*f + 10 = -d. Calculate x(f).
-6
Let p(y) = -4*y**3 + 8*y**2 + 3*y**3 + 0*y**3 + 2 - y**2. Let j be p(7). Let h(v) = 4*v**2 - 4*v + 3. What is h(j)?
11
Suppose -9 = -4*k + k. Suppose -5*m + 7 = -k. Let o(d) = d + 4*d - 2*d - 1 + d**m - 2. Give o(-4).
1
Suppose -6*v + 4*v + 14 = 0. Let x(a) = a**3 - 6*a**2 - 7*a + 6. Calculate x(v).
6
Let u(f) = -4*f - 3. Let s be u(1). Let b(c) = -2*c + c + 8 + 3*c. Give b(s).
-6
Let x(z) = z**2 + z + 1. Let d(t) = t**3 + 3*t**2 - 6*t + 6. Let u(r) = -d(r) - x(r). Determine u(-5).
-7
Suppose -2*v + 3*v - 5 = 0. Suppose 3*z - v*w - 35 = z, 3*z - 30 = 3*w. Let r(a) = 1 - a**3 + 4 + z*a**2 - 2. What is r(5)?
3
Let s(y) be the first derivative of y**2/2 - 4*y + 29. Give s(5).
1
Let o(i) = 8*i + 4*i**2 - i**3 + i + 1 + 5*i**2. Determine o(10).
-9
Let i(x) = 9*x**2 + 12*x + 6. Let y(m) = 5*m**2 + 6*m + 3. Let g(n) = 6*i(n) - 11*y(n). What is g(6)?
3
Suppose 20 = -5*w, 0*w = 3*g - 4*w - 4. Let u(d) be the second derivative of 0 - 5/2*d**2 - 1/3*d**4 - 1/20*d**5 - 1/3*d**3 + 5*d. Calculate u(g).
3
Suppose -n - 14 = -2*b + n, -27 = -b + 5*n. Let m(a) = b - 6 - 10*a**3 + 5 - a. Suppose -5*q - 5*j - 10 = 0, 6*j - j + 18 = 3*q. Determine m(q).
-10
Let i(g) = g**3 + 4*g**2 - 5*g + 7. Let r(b) = -3*b - 9. Let m be r(-6). Let n(j) = -j**3 + 9*j**2 - 2*j + 13. Let a be n(m). What is i(a)?
7
Let x(j) be the third derivative of j**6/720 + 11*j**5/120 + j**4/8 - j**2. Let s(l) be the second derivative of x(l). What is s(0)?
11
Let r = -5 - -8. Let z(q) = -4*q**3 + 4*q**2 + q - 5. Let k(s) = s**3 - s + 1. Let c(b) = -3*k(b) - z(b). Determine c(r).
-1
Let x(c) be the second derivative of 0*c**2 + 5/12*c**4 + 0*c**3 + 0 - c. What is x(-1)?
5
Let z(l) = 12*l**3 - 5*l**2 + 5*l + 11. Let o(k) = -4*k**2 + 2*k + k**3 + 2*k**2 + 4 + 3*k**3. Let w(p) = -8*o(p) + 3*z(p). Let g = 1 - 0. Give w(g).
5
Let r(s) = s**2 - 47*s - 3*s**3 + 6*s**3 + 48*s. What is r(-1)?
-3
Let j(h) = 541 - 2*h**3 - 561 - h**2 + h**3. Calculate j(0).
-20
Let i(s) = -2*s - 6. Let v be i(-3). Let n(x) = -x**3 + x**2 - x - 4. Calculate n(v).
-4
Suppose -3*c = -2*h - 2, 4*c - 2 = 2*c + h. Suppose -5*n = -0*n + 2*b - 7, c*n + 4*b = -10. Let i(k) = -k + k - k - n. Calculate i(-3).
0
Let g(u) = -3*u + u**3 - 1 + 2*u + 0*u - u**2. Let c(o) = 7*o**2 + 2*o - 2. Let k(v) = c(v) + g(v). What is k(-6)?
-9
Let x = 2 + 2. Let j(a) = -6*a - 8 + 3*a + 14. Calculate j(x).
-6
Let w(r) = 6*r**2 - 5*r + 3. Let s(q) = -3*q**2 - 2 + 6 + q**2 + 9*q**2 - 6*q. Let c(l) = -5*s(l) + 6*w(l). Give c(3).
7
Let v(u) = 7*u**2 - 1 - 11*u + 2 - 5*u**2 - u**2. What is v(10)?
-9
Let g(t) = -4 - t**2 - 6 - 7*t + 4. Let w be g(-5). Let d(b) = b**2 - 7*b - 5. Let m(z) = 2*z**2 - 15*z - 10. Let c(k) = -5*d(k) + 2*m(k). Give c(w).
9
Let t(h) = -h**3 - h + 1. Let j be 20/60 + 2/3. Determine t(j).
-1
Suppose 18 = 25*d + 93. Let j(q) = 3*q. Let z(n) = 3*n + 1. Let p(m) = -2*j(m) + 3*z(m). Determine p(d).
-6
Let n(u) = -u**2 + 8*u + 7. Let f be n(9). Let h(d) = 0*d**2 + 0 + d**3 - 2 + d**2. Calculate h(f).
-6
Let n be ((-20)/14)/((-28)/98). Let d(c) = -2*c - 5. Calculate d(n).
-15
Let d(v) = 7*v - v - 1 + 3*v. Calculate d(1).
8
Let i(w) = w - 1. Let h(m) = 3*m - 4. Let k(g) = -h(g) + 4*i(g). Let z(d) = d 